tor of j and 36?
18
Let q(t) = t**3 - 9*t**2 - 14*t + 10. Suppose -4*i - o + 44 = 0, i = 3*o + o + 11. Let h be q(i). What is the greatest common divisor of h and 14?
14
Suppose 17*g + 17 = 68. What is the highest common factor of g and 48?
3
Let k(a) = 15*a - 1. Let v be k(1). Calculate the greatest common factor of 14 and v.
14
Let h(a) = 3*a + 1. Let l = 1 - 0. Let f be h(l). Suppose -527 = -4*j - 3*u, j + f*u = 3*u + 133. Calculate the greatest common factor of 16 and j.
16
Suppose -4*x = -0*f - 2*f - 26, 0 = 2*x + 2*f - 4. Suppose 42 = x*r - 2*r. What is the greatest common factor of 35 and r?
7
Let a be (-40)/(-25) + 6/15. Let d be 1/a*172 + 2. What is the highest common divisor of d and 8?
8
Let n(l) = 11*l**2 + 6*l + 0*l - 7*l + 3*l. Let z be n(-1). What is the highest common divisor of z and 1?
1
Let t(h) be the third derivative of h**5/20 + h**4/6 - h**3 - 3*h**2. Let z be t(6). Calculate the highest common divisor of 18 and z.
18
Let q = 211 + -145. Calculate the highest common divisor of q and 6.
6
Suppose 11 = 4*t - 9. Calculate the highest common divisor of t and 55.
5
Let b be (10/6 - (-1)/3) + 66. Calculate the highest common factor of b and 34.
34
Let o be (-27)/(-4) - (-4)/16. Let j(p) = p**3 - 6*p**2 - 3*p + 8. Let v be j(o). Suppose 5*b = 131 - v. Calculate the highest common divisor of 76 and b.
19
Suppose 2*s - 34 = -4*c, 0*c + 9 = c + s. Let h(w) = -w**2 - 38*w + 125. Let n be h(-41). Calculate the greatest common factor of c and n.
2
Suppose 4*v = 3*v + 2. Suppose -v*j - 4*n - 6 = -n, 5*j - 3*n = -36. Let k be j/9 + (-29)/(-3). What is the highest common divisor of 27 and k?
9
Suppose -3*d - 104 = -401. What is the highest common factor of 11 and d?
11
Let t(i) = -i**3 + 15*i**2 + 8*i. Let p be t(15). Let w be 75/6*4 - 2. Calculate the greatest common divisor of w and p.
24
Let n be (-21)/14*(-8)/6. What is the highest common factor of n and 8?
2
Let s be 3 + -3 - (-8 - -2). Let w(u) = -u**3 + 7*u**2 - 6*u + 10. Let t be w(s). What is the greatest common factor of 30 and t?
10
Suppose 0*y + 22 = -y - 5*v, -4*v = -2*y - 2. Let o = y - -10. Let m be (-380)/(-6) - 1/o. Calculate the greatest common factor of m and 9.
9
Let w(t) = t**2 + 2*t - 7. Let m be w(-5). Suppose -m = 2*r + 2. Let o be (-9)/(2 - r/(-2)). Calculate the highest common factor of 9 and o.
9
Suppose 0 = 2*h, -5*i + 5*h + 28 + 12 = 0. What is the greatest common divisor of 64 and i?
8
Suppose t = 5*t - 60. What is the greatest common divisor of t and 135?
15
Suppose -12*s - 405 = -15*s. Calculate the highest common divisor of 81 and s.
27
Let y(s) = -s**3 + 6*s**2 - 3*s - 4. Let c be y(5). What is the greatest common divisor of 12 and c?
6
Suppose 0 = 4*d - 2 - 42. What is the highest common factor of d and 121?
11
Let g = 84 - 64. What is the highest common factor of g and 180?
20
Let y = 26 + -17. Let z(j) = -j**2 + 2*j + 4. Let g be z(3). Let o = 2 + g. What is the greatest common divisor of o and y?
3
Suppose -8*d = -6*d - 90. Suppose 2*b = -b + d. What is the greatest common divisor of b and 60?
15
Let r(q) = 2*q**2 - 3*q**2 - 7*q - 8 + 22*q. Let c be r(8). What is the highest common divisor of c and 32?
16
Let o(u) = u**3 + 11*u**2 - 4*u - 20. Let r be o(-11). What is the greatest common divisor of 16 and r?
8
Let t(w) = 19*w**3 + w**2 - w. Let n(m) = -m**2 - m + 1. Let f be n(0). Let d be t(f). What is the greatest common divisor of d and 57?
19
Let p = 1 - -87. Let v = p + -49. Suppose -37 = -3*i + 41. What is the greatest common factor of v and i?
13
Let f be (-38)/(-2)*(-4 - -5). Calculate the highest common divisor of f and 38.
19
Let s = 9 + -3. What is the greatest common divisor of 6 and s?
6
Suppose -2*m + 18 = 5*v - 3*m, 5*v - 3*m = 14. Let u be (-2 + v)*-2*-14. Let q(d) = d**2 - 1. Let g be q(3). What is the highest common factor of u and g?
8
Let q = 57 + -49. What is the highest common factor of 6 and q?
2
Let f(l) = l + 1. Let c be f(6). Suppose 2*g - 10 = 4. What is the greatest common factor of c and g?
7
Suppose 4*z = -5*o + 3, -o - z = -5*z - 15. Suppose 0 = -j + 7 - o. What is the highest common divisor of j and 4?
4
Let g = 6 - -2. Let c be (g/(-6) + 2)*12. Calculate the greatest common factor of 64 and c.
8
Let m(i) = i**3 - 7*i**2 + 16. Let c be m(7). Let u be (0 + 0 - 1) + 177. Calculate the greatest common divisor of u and c.
16
Suppose -3*o = -2*o - 3. Suppose -o*p + 420 = -42. Calculate the greatest common factor of 14 and p.
14
Suppose 3*g - 6 = -0*v - v, 3*g - v = 0. What is the greatest common divisor of 1 and g?
1
Let n = -9 - -12. Suppose -104 = -n*d - d. Suppose 0 = a + 2*a - 39. Calculate the highest common divisor of d and a.
13
Suppose -8*y + 241 = -495. What is the highest common divisor of y and 23?
23
Let a = -5 - -14. Let f(q) = 11*q + 1. Let y be f(4). Calculate the greatest common divisor of y and a.
9
Let g(f) = -f**3 - 2*f**2 + 1. Let r be g(-3). Let p = -4 + r. Let o = -4 - -70. What is the highest common factor of p and o?
6
Suppose -42 = -4*p + 2*p. Let a be -28*(-4 - -3)*3. What is the greatest common factor of p and a?
21
Suppose 0*g + 22 = g. Suppose -f + 2*f - 3*w = 0, -2*f = 4*w - 20. Suppose -110 = f*b - 7*b. Calculate the greatest common factor of g and b.
22
Let d be (-110)/15*(-6)/2. What is the greatest common factor of d and 2?
2
Suppose -357 = -3*i - 2*k, 206 = 4*i - k - 281. Calculate the highest common factor of 11 and i.
11
Let d = 49 - 43. What is the greatest common factor of d and 42?
6
Let s = 56 - 40. Calculate the highest common divisor of 16 and s.
16
Let w be 3951/(-11) + (-8)/(-44). Let h = 566 + w. Calculate the highest common factor of 23 and h.
23
Let b = 25 - 13. Calculate the highest common divisor of b and 24.
12
Suppose 1 = -3*g + 19. What is the greatest common divisor of 6 and g?
6
Let p = -11 + 13. Suppose -4*h + 3*i = -47, 5*h = -p*i - 18 + 71. What is the greatest common factor of h and 88?
11
Suppose -j + q + 6 = 0, 0*j + 4*j - 2*q - 20 = 0. What is the greatest common factor of j and 44?
4
Let l be 18/126 - (-54)/14. Calculate the greatest common factor of l and 6.
2
Suppose 0*z = -z + 69. Let t = -41 - -64. Calculate the highest common divisor of z and t.
23
Suppose -2*w + 18 = -2. Let p = -65 - -4. Let h = p + 86. What is the greatest common factor of w and h?
5
Let g be 4/10 - (-939)/15. Let w(h) be the second derivative of -h**3/3 - 21*h**2/2 - 2*h. Let d be w(-15). Calculate the highest common divisor of d and g.
9
Suppose 0 = -0*g + g - 14. Calculate the highest common divisor of 14 and g.
14
Suppose -3*t + 33 = -24. Calculate the greatest common factor of 76 and t.
19
Let m = 0 - -5. Let n(k) = -k**3 + 6*k**2 + 2*k. Let p be n(5). Calculate the highest common factor of p and m.
5
Let v(k) = 4*k - 1. Let h = 3 + 1. Let g be v(h). Suppose -5*w - 40 = -n, -76 = -3*n + 5*w + 54. What is the greatest common divisor of g and n?
15
Suppose -20 = -5*r + 80. Calculate the highest common divisor of r and 60.
20
Suppose -3*f - 4 = -2*x, 2*f + 2 = -3*x + 8. Suppose 47 = 2*u + z, f = 4*u - 0*u - 5*z - 87. Calculate the greatest common divisor of 161 and u.
23
Suppose 5 = 2*u - 7. Suppose -u = -h - 2*h. Suppose 3*m = 5*j - 23 - 79, h*m + 62 = 3*j. Calculate the greatest common divisor of j and 9.
9
Let h = 11 + 7. What is the highest common factor of 6 and h?
6
Suppose -j + 4*m + 42 = 0, 14 + 1 = -3*m. Let f(x) = 2*x**2 - 11*x. Let z be f(8). Let s = z - j. What is the greatest common factor of s and 9?
9
Let j be 6/(-7)*(-42)/6. Let o(b) = -b**3 + 7*b**2 + 2*b + 8. Let m be o(j). What is the greatest common divisor of 7 and m?
7
Let d be (12/10)/(4/10). Let l = d + -10. Let h be 3/(0 + -3) - l. Calculate the highest common divisor of 15 and h.
3
Let c be 48/20 + 3/5 + 130. What is the highest common divisor of c and 19?
19
Suppose -4*v + 10 + 6 = 0. Suppose 4*s + 36 = v*j, 8 = 7*j - 3*j + 3*s. What is the greatest common divisor of j and 35?
5
Suppose 0*n - 495 = -5*n. Suppose -g = 1 - 10. Calculate the greatest common factor of g and n.
9
Suppose 0 = -14*c + 9*c + 490. Calculate the greatest common factor of 14 and c.
14
Suppose 3*x - 4*d + 10 = 0, -2*x + 0*x - 8 = -3*d. Calculate the highest common factor of x and 16.
2
Let m(f) be the second derivative of f**4/12 - 